{"id":136,"date":"2025-02-09T14:46:33","date_gmt":"2025-02-09T13:46:33","guid":{"rendered":"http:\/\/harmoniewerk.eu\/?page_id=136"},"modified":"2025-10-30T22:02:26","modified_gmt":"2025-10-30T21:02:26","slug":"aromaterapia-w-kosmetykach","status":"publish","type":"page","link":"https:\/\/harmoniewerk.eu\/?page_id=136","title":{"rendered":"Aromaterapia w kosmetykach"},"content":{"rendered":"\n<div class=\"wp-block-cover alignwide has-kenta-accent-color has-text-color has-link-color has-x-large-font-size wp-elements-82a152269633a6b110a8f437a1ebd00e wp-duotone-unset-1\" style=\"border-radius:20px;margin-top:0;padding-top:48px;padding-right:48px;padding-bottom:48px;padding-left:48px;min-height:258px;aspect-ratio:unset;\"><span aria-hidden=\"true\" class=\"wp-block-cover__background has-kenta-base-background-color has-background-dim-70 has-background-dim\"><\/span><div class=\"wp-block-cover__inner-container is-layout-flow wp-block-cover-is-layout-flow\">\n<h3 class=\"wp-block-heading\"><strong>Aromaterapia w kosmetykach<\/strong> \u2013 naturalne pi\u0119kno i r\u00f3wnowaga<\/h3>\n\n\n\n<p>Aromaterapia w kosmetyce to po\u0142\u0105czenie piel\u0119gnacji sk\u00f3ry z moc\u0105 czystych <strong>olejk\u00f3w eterycznych<\/strong>, kt\u00f3re dzia\u0142aj\u0105 nie tylko <strong>fizycznie<\/strong>, ale tak\u017ce <strong>emocjonalnie<\/strong>. Dzi\u0119ki temu kosmetyki staj\u0105 si\u0119 nie tylko piel\u0119gnacyjne, ale i terapeutyczne \u2013 wspieraj\u0105 urod\u0119, zdrowie i samopoczucie.<\/p>\n\n\n\n<h3 class=\"wp-block-heading\"> <strong>Jak dzia\u0142aj\u0105 olejki eteryczne w kosmetykach?<\/strong><\/h3>\n\n\n\n<p> <strong>Na sk\u00f3r\u0119:<\/strong><br>\u2714 Regeneruj\u0105, od\u017cywiaj\u0105 i chroni\u0105 sk\u00f3r\u0119<br>\u2714 Dzia\u0142aj\u0105 przeciwzapalnie, antybakteryjnie, przeciwstarzeniowo<br>\u2714Wspomagaj\u0105 leczenie tr\u0105dziku, egzemy, sucho\u015bci, zmarszczek<\/p>\n\n\n\n<p> <strong>Na zmys\u0142y i emocje:<\/strong><br>\u2714Poprawiaj\u0105 nastr\u00f3j<br>\u2714 Uspokajaj\u0105 lub dodaj\u0105 energii<br>\u2714Wzmacniaj\u0105 poczucie komfortu i przyjemno\u015bci podczas piel\u0119gnacji<\/p>\n\n\n\n<h3 class=\"wp-block-heading\"><strong>Przyk\u0142ady olejk\u00f3w i ich zastosowanie w kosmetyce:<\/strong><\/h3>\n\n\n\n<figure class=\"wp-block-table\"><table class=\"has-background\" style=\"background-color:#ffffff63\"><thead><tr><th><strong>Olejek eteryczny<\/strong><\/th><th><strong>W\u0142a\u015bciwo\u015bci kosmetyczne<\/strong><\/th><\/tr><\/thead><tbody><tr><td><strong>Lawenda<\/strong><\/td><td>\u0141agodzi podra\u017cnienia, regeneruje, koi sk\u00f3r\u0119<\/td><\/tr><tr><td><strong>R\u00f3\u017ca damasce\u0144ska<\/strong><\/td><td>Przeciwzmarszczkowa, nawil\u017caj\u0105ca, wzmacnia naczynka<\/td><\/tr><tr><td><strong>Drzewo herbaciane<\/strong><\/td><td>Antybakteryjny, idealny do sk\u00f3ry tr\u0105dzikowej<\/td><\/tr><tr><td><strong>Kadzid\u0142owiec (Frankincense)<\/strong><\/td><td>Przeciwstarzeniowy, wyg\u0142adza i uj\u0119drnia sk\u00f3r\u0119<\/td><\/tr><tr><td><strong>Ylang-Ylang<\/strong><\/td><td>Reguluje wydzielanie sebum, roz\u015bwietla cer\u0119<\/td><\/tr><tr><td><strong>Cytryna<\/strong><\/td><td>Rozja\u015bnia przebarwienia, tonizuje, oczyszcza<\/td><\/tr><tr><td><strong>Mi\u0119ta pieprzowa<\/strong><\/td><td>Od\u015bwie\u017ca, ch\u0142odzi, zmniejsza opuchlizn\u0119<\/td><\/tr><tr><td><strong>Rumianek<\/strong><\/td><td>Dzia\u0142a koj\u0105co na sk\u00f3r\u0119 wra\u017cliw\u0105 i alergiczn\u0105<\/td><\/tr><\/tbody><\/table><\/figure>\n\n\n\n<h3 class=\"wp-block-heading\"> <strong>Gdzie znajdziesz aromaterapi\u0119 w kosmetykach?<\/strong><\/h3>\n\n\n\n<p>\u2714 <strong>Kremy do twarzy i cia\u0142a<\/strong><br>\u2714 <strong>Serum i olejki do twarzy<\/strong><br>\u2714 <strong>Balsamy i mas\u0142a do cia\u0142a<\/strong><br>\u2714 <strong>Toniki i hydrolaty<\/strong><br>\u2714 <strong>Szampony i od\u017cywki<\/strong><br>\u2714 <strong>Piel\u0119gnacja d\u0142oni i st\u00f3p<\/strong><br>\u2714 <strong>K\u0105piele aromaterapeutyczne<\/strong><br>\u2714 <strong>Naturalne perfumy i roll-ony z olejkami<\/strong><\/p>\n<\/div><\/div>\n","protected":false},"excerpt":{"rendered":"","protected":false},"author":3,"featured_media":0,"parent":0,"menu_order":0,"comment_status":"closed","ping_status":"closed","template":"","meta":{"site-container-style":"default","site-container-layout":"default","site-sidebar-layout":"default","site-transparent-header":"default","disable-article-header":"default","disable-site-header":"default","disable-site-footer":"default","disable-content-area-spacing":"default","footnotes":""},"class_list":["post-136","page","type-page","status-publish","hentry"],"_links":{"self":[{"href":"https:\/\/harmoniewerk.eu\/index.php?rest_route=\/wp\/v2\/pages\/136","targetHints":{"allow":["GET"]}}],"collection":[{"href":"https:\/\/harmoniewerk.eu\/index.php?rest_route=\/wp\/v2\/pages"}],"about":[{"href":"https:\/\/harmoniewerk.eu\/index.php?rest_route=\/wp\/v2\/types\/page"}],"author":[{"embeddable":true,"href":"https:\/\/harmoniewerk.eu\/index.php?rest_route=\/wp\/v2\/users\/3"}],"replies":[{"embeddable":true,"href":"https:\/\/harmoniewerk.eu\/index.php?rest_route=%2Fwp%2Fv2%2Fcomments&post=136"}],"version-history":[{"count":3,"href":"https:\/\/harmoniewerk.eu\/index.php?rest_route=\/wp\/v2\/pages\/136\/revisions"}],"predecessor-version":[{"id":535,"href":"https:\/\/harmoniewerk.eu\/index.php?rest_route=\/wp\/v2\/pages\/136\/revisions\/535"}],"wp:attachment":[{"href":"https:\/\/harmoniewerk.eu\/index.php?rest_route=%2Fwp%2Fv2%2Fmedia&parent=136"}],"curies":[{"name":"wp","href":"https:\/\/api.w.org\/{rel}","templated":true}]}}

<div class="wp-block-cover alignwide has-kenta-accent-color has-text-color has-link-color has-x-large-font-size wp-elements-82a152269633a6b110a8f437a1ebd00e wp-duotone-unset-1" style="border-radius:20px;margin-top:0;padding-top:48px;padding-right:48px;padding-bottom:48px;padding-left:48px;min-height:258px;aspect-ratio:unset;"><span aria-hidden="true" class="wp-block-cover__background has-kenta-base-background-color has-background-dim-70 has-background-dim"></span><div class="wp-block-cover__inner-container is-layout-flow wp-block-cover-is-layout-flow">
<h3 class="wp-block-heading"><strong>Aromaterapia w kosmetykach</strong> – naturalne piękno i równowaga</h3>



<p>Aromaterapia w kosmetyce to połączenie pielęgnacji skóry z mocą czystych <strong>olejków eterycznych</strong>, które działają nie tylko <strong>fizycznie</strong>, ale także <strong>emocjonalnie</strong>. Dzięki temu kosmetyki stają się nie tylko pielęgnacyjne, ale i terapeutyczne – wspierają urodę, zdrowie i samopoczucie.</p>



<h3 class="wp-block-heading"> <strong>Jak działają olejki eteryczne w kosmetykach?</strong></h3>



<p> <strong>Na skórę:</strong><br>✔ Regenerują, odżywiają i chronią skórę<br>✔ Działają przeciwzapalnie, antybakteryjnie, przeciwstarzeniowo<br>✔Wspomagają leczenie trądziku, egzemy, suchości, zmarszczek</p>



<p> <strong>Na zmysły i emocje:</strong><br>✔Poprawiają nastrój<br>✔ Uspokajają lub dodają energii<br>✔Wzmacniają poczucie komfortu i przyjemności podczas pielęgnacji</p>



<h3 class="wp-block-heading"><strong>Przykłady olejków i ich zastosowanie w kosmetyce:</strong></h3>



<figure class="wp-block-table"><table class="has-background" style="background-color:#ffffff63"><thead><tr><th><strong>Olejek eteryczny</strong></th><th><strong>Właściwości kosmetyczne</strong></th></tr></thead><tbody><tr><td><strong>Lawenda</strong></td><td>Łagodzi podrażnienia, regeneruje, koi skórę</td></tr><tr><td><strong>Róża damasceńska</strong></td><td>Przeciwzmarszczkowa, nawilżająca, wzmacnia naczynka</td></tr><tr><td><strong>Drzewo herbaciane</strong></td><td>Antybakteryjny, idealny do skóry trądzikowej</td></tr><tr><td><strong>Kadzidłowiec (Frankincense)</strong></td><td>Przeciwstarzeniowy, wygładza i ujędrnia skórę</td></tr><tr><td><strong>Ylang-Ylang</strong></td><td>Reguluje wydzielanie sebum, rozświetla cerę</td></tr><tr><td><strong>Cytryna</strong></td><td>Rozjaśnia przebarwienia, tonizuje, oczyszcza</td></tr><tr><td><strong>Mięta pieprzowa</strong></td><td>Odświeża, chłodzi, zmniejsza opuchliznę</td></tr><tr><td><strong>Rumianek</strong></td><td>Działa kojąco na skórę wrażliwą i alergiczną</td></tr></tbody></table></figure>



<h3 class="wp-block-heading"> <strong>Gdzie znajdziesz aromaterapię w kosmetykach?</strong></h3>



<p>✔ <strong>Kremy do twarzy i ciała</strong><br>✔ <strong>Serum i olejki do twarzy</strong><br>✔ <strong>Balsamy i masła do ciała</strong><br>✔ <strong>Toniki i hydrolaty</strong><br>✔ <strong>Szampony i odżywki</strong><br>✔ <strong>Pielęgnacja dłoni i stóp</strong><br>✔ <strong>Kąpiele aromaterapeutyczne</strong><br>✔ <strong>Naturalne perfumy i roll-ony z olejkami</strong></p>
</div></div>
