{"id":2,"date":"2023-04-02T18:37:18","date_gmt":"2023-04-02T16:37:18","guid":{"rendered":"http:\/\/harmoniewerk.eu\/?page_id=2"},"modified":"2025-12-17T21:12:05","modified_gmt":"2025-12-17T20:12:05","slug":"przykladowa-strona","status":"publish","type":"page","link":"https:\/\/harmoniewerk.eu\/?page_id=2","title":{"rendered":"Aromaterapia"},"content":{"rendered":"\n<div class=\"wp-block-cover alignwide has-kenta-accent-color has-text-color has-link-color has-x-large-font-size wp-elements-490e77fe3945b41db4e1bc1eeff71d3c wp-duotone-unset-1\" style=\"margin-top:0;padding-top:48px;padding-right:48px;padding-bottom:48px;padding-left:48px;min-height:1696px;aspect-ratio:unset;\"><span aria-hidden=\"true\" class=\"wp-block-cover__background has-kenta-base-background-color has-background-dim-80 has-background-dim\"><\/span><div class=\"wp-block-cover__inner-container is-layout-flow wp-block-cover-is-layout-flow\">\n<div class=\"wp-block-media-text is-stacked-on-mobile has-x-large-font-size\" style=\"border-radius:20px;grid-template-columns:20% auto\"><figure class=\"wp-block-media-text__media\"><img loading=\"lazy\" decoding=\"async\" width=\"600\" height=\"1800\" src=\"http:\/\/harmoniewerk.eu\/wp-content\/uploads\/2025\/11\/Aroma-therapie_1.jpg\" alt=\"\" class=\"wp-image-593 size-full\"\/><\/figure><div class=\"wp-block-media-text__content\">\n<p> <strong>Aromaterapia<\/strong> to naturalna, holistyczna metoda terapeutyczna wykorzystuj\u0105ca <strong>czyste olejki eteryczne<\/strong> pozyskiwane z ro\u015blin, kwiat\u00f3w, li\u015bci, kory, \u017cywic i owoc\u00f3w. <br>Jej celem jest przywr\u00f3cenie r\u00f3wnowagi <strong>cia\u0142a, umys\u0142u i emocji<\/strong> \u2013 w spos\u00f3b delikatny, ale bardzo skuteczny.<\/p>\n\n\n\n<p><strong>Co to jest Aromaterapia?<\/strong><br><strong>Aroma<\/strong> &#8211; oznacza Korzenny- zapach<br><strong>terapia<\/strong> &#8211; okre\u015bla Leczenie <br>tak wi\u0119c aromaterapi\u0119 dos\u0142ownie mo\u017cna t\u0142umaczy\u0107 jako terapia zapachem.<\/p>\n\n\n\n<div class=\"wp-block-group is-nowrap is-layout-flex wp-container-core-group-is-layout-6c531013 wp-block-group-is-layout-flex\">\n<p><strong>Wp\u0142yw aromaterapii na nasz organizm oraz otoczenie<\/strong><br><br>Olejki eteryczne by\u0142y u\u017cywane ju\u017c przez najstarsze cywilizacje i uwa\u017ca si\u0119, \u017ce s\u0105 znane przynajmniej od 4000 lat. T\u0142umaczenia staro\u017cytnych manuskrypt\u00f3w wskazuj\u0105, \u017ce kap\u0142ani i lekarze u\u017cywali olejk\u00f3w eterycznych do uzdrawiania i rytua\u0142\u00f3w przez tysi\u0105ce lat przed narodzinami Chrystusa. Olejki eteryczne<br>mo\u017cna tak naprawd\u0119 uzna\u0107 za pierwsze leki ludzko\u015bci. By\u0142y u\u017cywane na ca\u0142ym \u015bwiecie od wiek\u00f3w i wraz z innymi substancjami aromatycznymi. U\u017cywano je w rytua\u0142ach religijnych, w leczeniu r\u00f3\u017cnych chor\u00f3b oraz innych fizycznych i duchowych potrzebach.<br>Staro\u017cytni Egipcjanie jako pierwsi odkryli potencja\u0142 zapachu. W rzeczywisto\u015bci w procesie balsamowania stosowano trzy oleje, Drzewo Cedrowe, Mirra i Kadzid\u0142owiec.<br>Niekt\u00f3re cenne oleje, takie jak kadzid\u0142o, mirra, rozmaryn, cynamon by\u0142y u\u017cywane do namaszczenia i uzdrawiania chorych.<br>Ponowne wprowadzenie olejk\u00f3w eterycznych do czas\u00f3w wsp\u00f3\u0142czesnych rozpocz\u0119\u0142o si\u0119 na prze\u0142omie XIX i XX wieku. Olejki eteryczne by\u0142y u\u017cywane tradycyjnie do niszczenia szkodliwych zarazk\u00f3w, a tak\u017ce duchowo, aby zr\u00f3wnowa\u017cy\u0107 nastr\u00f3j, podnie\u015b\u0107 na duchu i rozproszy\u0107 negatywne emocje.<br>Aromaterapi\u0119 jak najbardziej mo\u017cemy z powodzeniem stosowa\u0107 w domu. Szczeg\u00f3lnie je\u015bli chcemy odpr\u0119\u017cy\u0107 si\u0119 po ca\u0142ym dniu lub kiedy czujemy, \u017ce dopada nas infekcja lub b\u00f3l g\u0142owy czy czujemy si\u0119 <br>zm\u0119czeni.<\/p>\n<\/div>\n\n\n\n<p>Sekret aromaterapii tkwi w tym, \u017ce olejki eteryczne dzia\u0142aj\u0105 na poziomie:<\/p>\n\n\n\n<ul class=\"wp-block-list\">\n<li><strong>fizycznym<\/strong> (wewn\u0119trzne procesy w organizmie)<\/li>\n<\/ul>\n\n\n\n<ul class=\"wp-block-list\">\n<li><strong>psychicznym<\/strong> (emocjonalnym)<\/li>\n<\/ul>\n<\/div><\/div>\n\n\n\n<h3 class=\"wp-block-heading\"><strong>Jak dzia\u0142a aromaterapia?<\/strong><\/h3>\n\n\n\n<p>Olejki eteryczne wp\u0142ywaj\u0105 na nas poprzez:<br><strong>\u2714  <strong>Zmys\u0142 w\u0119chu<\/strong><\/strong> \u2013 zapachy oddzia\u0142uj\u0105 bezpo\u015brednio na <strong>uk\u0142ad limbiczny<\/strong> w m\u00f3zgu, odpowiedzialny za emocje, pami\u0119\u0107 i nastr\u00f3j.<br><strong>\u2714 <\/strong>  wch\u0142aniane przez sk\u00f3r\u0119 (np. w masa\u017cu) dzia\u0142aj\u0105 lokalnie i og\u00f3lnoustrojowo.<br><strong>\u2714  oddechowy<\/strong> \u2013 przy inhalacjach \u0142agodz\u0105 dolegliwo\u015bci jak katar, kaszel, infekcje.<\/p>\n\n\n\n<p><strong>Dzia\u0142anie olejk\u00f3w eterycznych<\/strong><\/p>\n\n\n\n<p>Ze wszystkich pi\u0119ciu zmys\u0142\u00f3w w\u0119ch jest najbardziej zwi\u0105zany z<br>centrum emocjonalnym m\u00f3zgu.<br>W\u0119ch jest odbierany przez miliony kom\u00f3rek (tzw. receptory<br>w\u0119chowe), znajduj\u0105ce si\u0119 w okolicy b\u0142ony \u015bluzowej, w tylnej cz\u0119\u015bci grzbietu nosa. Podczas w\u0105chania drobinki moleku\u0142 olejk\u00f3w eterycznych s\u0105 filtrowane i ogrzewane w nosie, a nast\u0119pnie przetwarzane przez receptory w impulsy nerwowe i drog\u0105 nerwow\u0105 przenoszona jest informacja o zapachu do uk\u0142adu limbicznego w m\u00f3zgu.<\/p>\n\n\n\n<div class=\"wp-block-group alignwide is-content-justification-left is-nowrap is-layout-flex wp-container-core-group-is-layout-fc9f69e7 wp-block-group-is-layout-flex\">\n<p><strong>Cz\u0105steczki olejk\u00f3w eterycznych docieraj\u0105 w:<br>22<\/strong> sekundy do m\u00f3zgu<br><strong>2<\/strong> minuty przedostaj\u0105 si\u0119 do krwioobiegu<br><strong>20<\/strong> minut docieraj\u0105 do wszystkich kom\u00f3rek w ciele<br><br><\/p>\n<\/div>\n\n\n\n<h3 class=\"wp-block-heading\"> <strong>Zastosowania aromaterapii:<\/strong><\/h3>\n\n\n\n<p>\u2714 Redukcja stresu i napi\u0119cia nerwowego<br>\u2714 Poprawa jako\u015bc snu<br>\u2714 Wzmocnienie odporno\u015bci<br>\u2714 Leczenie b\u00f3lu g\u0142owy, menstruacyjnego, mi\u0119\u015bniowego<br>\u2714 Wsparcie przy l\u0119kach, depresji, zmiennych nastrojach<br>\u2714 Oczyszczanie i odka\u017canie powietrza<br>\u2714 Piel\u0119gnacja sk\u00f3ry i w\u0142os\u00f3w<br><\/p>\n\n\n\n<h3 class=\"wp-block-heading\"> <strong>Dla kogo jest aromaterapia?<\/strong><\/h3>\n\n\n\n<p>\u2013 Dla os\u00f3b zestresowanych, zm\u0119czonych, zestresowanych emocjonalnie<br>\u2013 Dla dzieci i doros\u0142ych (z odpowiednio dobranymi olejkami)<br>\u2013 Dla os\u00f3b szukaj\u0105cych naturalnego wsparcia w zdrowiu<br>\u2013 Dla kobiet w ci\u0105\u017cy (z uwzgl\u0119dnieniem bezpiecznych olejk\u00f3w)<br>\u2013 Dla ka\u017cdego, kto pragnie <strong>naturalnej harmonii i ukojenia<\/strong><\/p>\n<\/div><\/div>\n","protected":false},"excerpt":{"rendered":"","protected":false},"author":1,"featured_media":0,"parent":0,"menu_order":0,"comment_status":"closed","ping_status":"closed","template":"","meta":{"site-container-style":"default","site-container-layout":"default","site-sidebar-layout":"default","site-transparent-header":"default","disable-article-header":"default","disable-site-header":"default","disable-site-footer":"default","disable-content-area-spacing":"default","footnotes":""},"class_list":["post-2","page","type-page","status-publish","hentry"],"_links":{"self":[{"href":"https:\/\/harmoniewerk.eu\/index.php?rest_route=\/wp\/v2\/pages\/2","targetHints":{"allow":["GET"]}}],"collection":[{"href":"https:\/\/harmoniewerk.eu\/index.php?rest_route=\/wp\/v2\/pages"}],"about":[{"href":"https:\/\/harmoniewerk.eu\/index.php?rest_route=\/wp\/v2\/types\/page"}],"author":[{"embeddable":true,"href":"https:\/\/harmoniewerk.eu\/index.php?rest_route=\/wp\/v2\/users\/1"}],"replies":[{"embeddable":true,"href":"https:\/\/harmoniewerk.eu\/index.php?rest_route=%2Fwp%2Fv2%2Fcomments&post=2"}],"version-history":[{"count":41,"href":"https:\/\/harmoniewerk.eu\/index.php?rest_route=\/wp\/v2\/pages\/2\/revisions"}],"predecessor-version":[{"id":644,"href":"https:\/\/harmoniewerk.eu\/index.php?rest_route=\/wp\/v2\/pages\/2\/revisions\/644"}],"wp:attachment":[{"href":"https:\/\/harmoniewerk.eu\/index.php?rest_route=%2Fwp%2Fv2%2Fmedia&parent=2"}],"curies":[{"name":"wp","href":"https:\/\/api.w.org\/{rel}","templated":true}]}}