{"id":63,"date":"2023-09-10T01:56:29","date_gmt":"2023-09-09T23:56:29","guid":{"rendered":"http:\/\/harmoniewerk.eu\/?page_id=63"},"modified":"2025-12-17T21:17:05","modified_gmt":"2025-12-17T20:17:05","slug":"uber-mich","status":"publish","type":"page","link":"https:\/\/harmoniewerk.eu\/?page_id=63","title":{"rendered":"Terapia misami tybeta\u0144skimi oraz kamertonami"},"content":{"rendered":"\n<p><br><\/p>\n\n\n\n<div class=\"wp-block-group alignwide has-kenta-accent-color has-kenta-base-background-color has-text-color has-background has-link-color has-x-large-font-size wp-elements-71149f657b4907b698aa78fbd09effb4 is-layout-flow wp-block-group-is-layout-flow\" style=\"border-radius:0px;margin-top:0;padding-top:48px;padding-right:48px;padding-bottom:48px;padding-left:48px\">\n<div class=\"wp-block-media-text is-stacked-on-mobile\"><figure class=\"wp-block-media-text__media\"><img loading=\"lazy\" decoding=\"async\" width=\"1120\" height=\"630\" src=\"http:\/\/harmoniewerk.eu\/wp-content\/uploads\/2025\/11\/mt.jpg\" alt=\"\" class=\"wp-image-632 size-full\"\/><\/figure><div class=\"wp-block-media-text__content\">\n<p class=\"has-x-large-font-size\">Terapia misami tybeta\u0144skimi i kamertonami to naturalne, bezpieczne i skuteczne metody wspomagania zdrowia. Dzia\u0142aj\u0105 one na poziomie fizycznym, emocjonalnym i energetycznym, przywracaj\u0105c r\u00f3wnowag\u0119 i wspieraj\u0105c procesy samoleczenia. Dzi\u0119ki tym metodom mo\u017cna poprawi\u0107 jako\u015b\u0107 \u017cycia, zmniejszy\u0107 stres, poprawi\u0107 zdrowie psychiczne i fizyczne oraz poprawi\u0107 og\u00f3lne samopoczucie.<\/p>\n<\/div><\/div>\n\n\n\n<h3 class=\"wp-block-heading\">Terapia Misami Tybeta\u0144skimi<\/h3>\n\n\n\n<p class=\"has-x-large-font-size\">Misy tybeta\u0144skie to instrumenty u\u017cywane od wiek\u00f3w w medytacjach i rytua\u0142ach w tradycji buddyjskiej oraz innych tradycjach wschodnich. Wytwarzaj\u0105 one d\u017awi\u0119ki o bardzo specyficznych cz\u0119stotliwo\u015bciach, kt\u00f3re maj\u0105 dzia\u0142anie terapeutyczne.<\/p>\n\n\n\n<p> Misy tybeta\u0144skie generuj\u0105 g\u0142\u0119bokie, rezonuj\u0105ce d\u017awi\u0119ki i wibracje, kt\u00f3re wnikaj\u0105 w cia\u0142o. Warto zaznaczy\u0107, \u017ce ka\u017cde cia\u0142o, organ czy nawet ka\u017cda kom\u00f3rka ma swoj\u0105 naturaln\u0105 cz\u0119stotliwo\u015b\u0107 wibracji. Je\u015bli te cz\u0119stotliwo\u015bci s\u0105 zak\u0142\u00f3cone (np. w wyniku stresu, emocji czy choroby), mo\u017ce doj\u015b\u0107 do dysfunkcji. Terapia misami tybeta\u0144skimi pomaga przywr\u00f3ci\u0107 r\u00f3wnowag\u0119 tych cz\u0119stotliwo\u015bci.<br>Terapia ta jest skuteczna w pracy z systemem energetycznym cia\u0142a, w tym z czakrami. Misy s\u0105 u\u017cywane do oczyszczania blokad energetycznych, a tak\u017ce do wzmacniania przep\u0142ywu energii \u017cyciowej (prany). D\u017awi\u0119ki mis wp\u0142ywaj\u0105 na nasze pole energetyczne, uwalniaj\u0105c zatory i przywracaj\u0105c harmoni\u0119.<\/p>\n\n\n\n<h4 class=\"wp-block-heading\">Korzy\u015bci terapii misami tybeta\u0144skimi:<\/h4>\n\n\n\n<ul class=\"wp-block-list\">\n<li><strong>Redukcja stresu i l\u0119ku<\/strong> <\/li>\n\n\n\n<li><strong>Poprawa jako\u015bci snu<\/strong><\/li>\n\n\n\n<li><strong>Leczenie b\u00f3lu<\/strong><\/li>\n\n\n\n<li><strong>Oczyszczanie energetyczne<\/strong><\/li>\n<\/ul>\n\n\n\n<h3 class=\"wp-block-heading\">Terapia Kamertonami <\/h3>\n\n\n\n<p>Kamertony to narz\u0119dzia, kt\u00f3re generuj\u0105 okre\u015blone cz\u0119stotliwo\u015bci d\u017awi\u0119kowe, wykorzystywane w terapii d\u017awi\u0119kiem. Stosowane s\u0105 do harmonizowania energii cia\u0142a, stymulowania proces\u00f3w zdrowienia oraz przywracania r\u00f3wnowagi.<\/p>\n\n\n\n<h4 class=\"wp-block-heading\">Korzy\u015bci terapii kamertonami:<\/h4>\n\n\n\n<ul class=\"wp-block-list\">\n<li><strong>Leczenie fizycznych i emocjonalnych blokad<\/strong><\/li>\n\n\n\n<li><strong>Zmniejszenie napi\u0119cia<\/strong> i stresu<\/li>\n\n\n\n<li><strong>Wzmacnianie uk\u0142adu odporno\u015bciowego<\/strong><\/li>\n\n\n\n<li><strong>Poprawa koncentracji i jasno\u015bci umys\u0142u<\/strong><\/li>\n<\/ul>\n\n\n\n<div style=\"height:72px\" aria-hidden=\"true\" class=\"wp-block-spacer\"><\/div>\n<\/div>\n","protected":false},"excerpt":{"rendered":"<p>Terapia misami tybeta\u0144skimi i kamertonami to naturalne, bezpieczne i skuteczne metody wspomagania zdrowia. Dzia\u0142aj\u0105 one na poziomie fizycznym, emocjonalnym i energetycznym, przywracaj\u0105c r\u00f3wnowag\u0119 i wspieraj\u0105c procesy samoleczenia. Dzi\u0119ki tym metodom mo\u017cna poprawi\u0107 jako\u015b\u0107 \u017cycia, zmniejszy\u0107 stres, poprawi\u0107 zdrowie psychiczne i fizyczne oraz poprawi\u0107 og\u00f3lne samopoczucie. Terapia Misami Tybeta\u0144skimi Misy tybeta\u0144skie to instrumenty u\u017cywane od wiek\u00f3w [&hellip;]<\/p>\n","protected":false},"author":2,"featured_media":0,"parent":0,"menu_order":0,"comment_status":"closed","ping_status":"closed","template":"","meta":{"site-container-style":"default","site-container-layout":"default","site-sidebar-layout":"default","site-transparent-header":"default","disable-article-header":"default","disable-site-header":"default","disable-site-footer":"default","disable-content-area-spacing":"default","footnotes":""},"class_list":["post-63","page","type-page","status-publish","hentry"],"_links":{"self":[{"href":"https:\/\/harmoniewerk.eu\/index.php?rest_route=\/wp\/v2\/pages\/63","targetHints":{"allow":["GET"]}}],"collection":[{"href":"https:\/\/harmoniewerk.eu\/index.php?rest_route=\/wp\/v2\/pages"}],"about":[{"href":"https:\/\/harmoniewerk.eu\/index.php?rest_route=\/wp\/v2\/types\/page"}],"author":[{"embeddable":true,"href":"https:\/\/harmoniewerk.eu\/index.php?rest_route=\/wp\/v2\/users\/2"}],"replies":[{"embeddable":true,"href":"https:\/\/harmoniewerk.eu\/index.php?rest_route=%2Fwp%2Fv2%2Fcomments&post=63"}],"version-history":[{"count":11,"href":"https:\/\/harmoniewerk.eu\/index.php?rest_route=\/wp\/v2\/pages\/63\/revisions"}],"predecessor-version":[{"id":647,"href":"https:\/\/harmoniewerk.eu\/index.php?rest_route=\/wp\/v2\/pages\/63\/revisions\/647"}],"wp:attachment":[{"href":"https:\/\/harmoniewerk.eu\/index.php?rest_route=%2Fwp%2Fv2%2Fmedia&parent=63"}],"curies":[{"name":"wp","href":"https:\/\/api.w.org\/{rel}","templated":true}]}}